{"id":1241,"date":"2017-08-29T16:16:54","date_gmt":"2017-08-29T14:16:54","guid":{"rendered":"https:\/\/www.ultranima.ch\/mediane\/?page_id=1241"},"modified":"2018-06-29T12:49:50","modified_gmt":"2018-06-29T10:49:50","slug":"les-statuts","status":"publish","type":"page","link":"https:\/\/www.ultranima.ch\/mediane\/association\/les-statuts\/","title":{"rendered":"Les statuts"},"content":{"rendered":"<div class=\"fusion-fullwidth fullwidth-box fusion-builder-row-1 nonhundred-percent-fullwidth non-hundred-percent-height-scrolling\" style=\"--awb-background-position:left top;--awb-border-radius-top-left:0px;--awb-border-radius-top-right:0px;--awb-border-radius-bottom-right:0px;--awb-border-radius-bottom-left:0px;--awb-padding-top:0px;--awb-padding-bottom:0px;--awb-margin-top:0px;--awb-margin-bottom:0px;--awb-border-sizes-top:0px;--awb-border-sizes-bottom:0px;--awb-flex-wrap:wrap;\" ><div class=\"fusion-builder-row fusion-row\"><div class=\"fusion-layout-column fusion_builder_column fusion-builder-column-0 fusion_builder_column_1_1 1_1 fusion-one-full fusion-column-first fusion-column-last fusion-column-no-min-height\" style=\"--awb-bg-size:cover;--awb-margin-bottom:0px;\"><div class=\"fusion-column-wrapper fusion-flex-column-wrapper-legacy\"><div class=\"fusion-sep-clear\"><\/div><div class=\"fusion-separator fusion-full-width-sep\" style=\"margin-left: auto;margin-right: auto;margin-top:0px;margin-bottom:0px;width:100%;\"><div class=\"fusion-separator-border sep-single sep-solid\" style=\"--awb-height:20px;--awb-amount:20px;--awb-sep-color:#0080b7;border-color:#0080b7;border-top-width:5px;\"><\/div><\/div><div class=\"fusion-sep-clear\"><\/div><div class=\"fusion-clearfix\"><\/div><\/div><\/div><div class=\"fusion-layout-column fusion_builder_column fusion-builder-column-1 fusion_builder_column_1_1 1_1 fusion-one-full fusion-column-first fusion-column-last green-border rounded-border\" style=\"--awb-padding-top:60px;--awb-padding-right:60px;--awb-padding-bottom:50px;--awb-padding-left:60px;--awb-bg-color:#ffffff;--awb-bg-color-hover:#ffffff;--awb-bg-size:cover;--awb-border-color:#e2e2e2;--awb-border-top:1px;--awb-border-right:1px;--awb-border-bottom:1px;--awb-border-left:1px;--awb-border-style:solid;\"><div class=\"fusion-column-wrapper fusion-flex-column-wrapper-legacy\"><div class=\"fusion-text fusion-text-1\"><h2>Association m\u00e9diaNE \u2013 Statuts<\/h2>\n<h3>Titre premier : DISPOSITIONS GENERALES<\/h3>\n<p><strong>Article 1. D\u00e9nomination et si\u00e8ge<\/strong><br \/>\nSous la d\u00e9nomination de \u00ab\u00a0M\u00e9diaNE\u00a0\u00bb (ci-apr\u00e8s : \u00ab\u00a0l&rsquo;association\u00a0\u00bb) est constitu\u00e9e une association au<br \/>\nsens des art. 60 et suivants du Code civil suisse. Son si\u00e8ge est \u00e0 Neuch\u00e2tel.<\/p>\n<p><strong>Article 2. Buts<\/strong><br \/>\nL&rsquo;association a pour but g\u00e9n\u00e9ral de travailler, \u00e0 la promotion de la m\u00e9diation, de ses techniques et<br \/>\nde sa d\u00e9ontologie ainsi qu\u2019\u00e0 l\u2019\u00e9tablissement de liens entre ses diff\u00e9rents praticiens.<br \/>\nElle favorise l\u2019am\u00e9nagement et la pratique des diverses applications de la m\u00e9diation, ainsi que leur<br \/>\ninsertion dans la r\u00e9alit\u00e9 neuch\u00e2teloise.<br \/>\nL&rsquo;association offre notamment au public des prestations en mati\u00e8re de gestion de conflits et de<br \/>\nformation.<\/p>\n<p><strong>Article 3. Accomplissement du but g\u00e9n\u00e9ral<\/strong><br \/>\nPour r\u00e9aliser son but, l&rsquo;association peut :<\/p>\n<ul>\n<li>Favoriser la rencontre, l&rsquo;\u00e9change et la formation des m\u00e9diateurs.<\/li>\n<li>Cr\u00e9er et entretenir des liens avec tout organisme en Suisse, en Europe et dans le monde<br \/>\npoursuivant des finalit\u00e9s semblables aux siennes.<\/li>\n<\/ul>\n<p><strong>Article 4. Qualit\u00e9 de membre<\/strong><br \/>\nLes personnes physiques et morales peuvent devenir membres de l&rsquo;association.<br \/>\nSur proposition du comit\u00e9, l\u2019assembl\u00e9e g\u00e9n\u00e9rale peut \u00eatre amen\u00e9e \u00e0 conf\u00e9rer la qualit\u00e9 de membre<br \/>\nd\u2019honneur \u00e0 des personnes particuli\u00e8rement m\u00e9ritantes dans le domaine de la m\u00e9diation.<\/p>\n<p><strong>Article 5. Adh\u00e9sion, d\u00e9mission et exclusion des membres<\/strong><br \/>\nToute personne d\u00e9sirant devenir membre de l&rsquo;association doit en faire la demande par \u00e9crit aupr\u00e8s<br \/>\ndu comit\u00e9.<br \/>\nLes d\u00e9missions sont \u00e0 adresser par \u00e9crit au comit\u00e9. Elles deviennent effectives 30 jours apr\u00e8s leur<br \/>\nr\u00e9ception par celui-ci. En cas de d\u00e9mission en cours d&rsquo;exercice, la cotisation annuelle reste due.<br \/>\nLes principaux motifs d&rsquo;exclusion r\u00e9sident dans le non-respect des buts de l&rsquo;association ou des<br \/>\nr\u00e8gles de d\u00e9ontologie.<br \/>\nLa qualit\u00e9 de membre se perd en outre en cas de non-paiement des cotisations.<\/p>\n<p><strong>Article 6. Droits et devoirs des membres<\/strong><br \/>\nLes membres jouissent des droits que leur conf\u00e8re la loi. En particulier, ils re\u00e7oivent les informations<br \/>\nconcernant les activit\u00e9s et les formations organis\u00e9es par l&rsquo;association.<br \/>\nLes membres s&rsquo;acquittent annuellement des cotisations fix\u00e9es par l&rsquo;assembl\u00e9e g\u00e9n\u00e9rale.<\/p>\n<p><strong>Article 7. Exercice annuel<\/strong><br \/>\nL&rsquo;exercice de l&rsquo;association porte sur l&rsquo;ann\u00e9e civile.<\/p>\n<h3>Titre deuxi\u00e8me : ORGANES DE L&rsquo;ASSOCIATION<\/h3>\n<p><strong>Article 8. En g\u00e9n\u00e9ral<\/strong><br \/>\nLes organes de l&rsquo;association sont :<\/p>\n<ol>\n<li>L&rsquo;assembl\u00e9e g\u00e9n\u00e9rale<\/li>\n<li>Le comit\u00e9 comprenant en son sein le bureau<\/li>\n<li>Les v\u00e9rificateurs de comptes<\/li>\n<\/ol>\n<h3>A. L&rsquo;assembl\u00e9e g\u00e9n\u00e9rale<\/h3>\n<p><strong>Article 9. Pouvoirs<\/strong><br \/>\nL&rsquo;assembl\u00e9e g\u00e9n\u00e9rale est le pouvoir supr\u00eame de l&rsquo;association. Elle se compose de tous les membres<br \/>\ndisposant du droit de vote et si\u00e8ge valablement pour autant que le cinqui\u00e8me d&rsquo;entre eux soit r\u00e9uni.<br \/>\nElle a toutes les attributions qui lui sont conf\u00e9r\u00e9es par la loi ou par les pr\u00e9sents statuts.<\/p>\n<p><strong>Article 10. Comp\u00e9tences<\/strong><br \/>\nL&rsquo;assembl\u00e9e g\u00e9n\u00e9rale a en particulier les comp\u00e9tences suivantes :<\/p>\n<ol>\n<li>R\u00e9viser les statuts<\/li>\n<li>Nommer et r\u00e9voquer le comit\u00e9, les v\u00e9rificateurs de comptes et leur suppl\u00e9ant<\/li>\n<li>Fixer les cotisations des membres<\/li>\n<li>Adopter le cas \u00e9ch\u00e9ant le budget sur pr\u00e9sentation du comit\u00e9<\/li>\n<li>Adopter le rapport de gestion du comit\u00e9, les comptes et le rapport des v\u00e9rificateurs de<br \/>\ncomptes et donner d\u00e9charge au comit\u00e9<\/li>\n<li>Nommer les membres d&rsquo;honneur<\/li>\n<li>D\u00e9cider de la dissolution de l&rsquo;association.<\/li>\n<\/ol>\n<p><strong>Article 11. R\u00e9unions et convocations<\/strong><br \/>\nL&rsquo;assembl\u00e9e g\u00e9n\u00e9rale se r\u00e9unit au moins une fois par ann\u00e9e en assembl\u00e9e ordinaire. Le comit\u00e9, ou<br \/>\nle cinqui\u00e8me des membres peut convoquer l&rsquo;assembl\u00e9e g\u00e9n\u00e9rale en s\u00e9ance extraordinaire.<br \/>\nL&rsquo;assembl\u00e9e g\u00e9n\u00e9rale est convoqu\u00e9e par circulaire du comit\u00e9, dix jours au moins avant la date de sa<br \/>\nr\u00e9union. Les objets port\u00e9s \u00e0 l&rsquo;ordre du jour sont mentionn\u00e9s dans la convocation.<br \/>\nDes votes par correspondance (sous la forme conventionnelle ou \u00e9lectronique) peuvent \u00eatre<br \/>\norganis\u00e9s exceptionnellement. Dans ces cas, la proposition \u00e0 laquelle tous les membres ont adh\u00e9r\u00e9<br \/>\npar \u00e9crit (le cas \u00e9ch\u00e9ant par voie \u00e9lectronique) \u00e9quivaut \u00e0 une d\u00e9cision de l\u2019assembl\u00e9e g\u00e9n\u00e9rale.<\/p>\n<p><strong>Article 12. D\u00e9cisions et nominations<\/strong><br \/>\nLes d\u00e9cisions et nominations courantes sont prises \u00e0 la majorit\u00e9 relative des membres pr\u00e9sents, en<br \/>\nprincipe \u00e0 main lev\u00e9e. Si cinq membres au moins le demandent, le vote peut se faire \u00e0 bulletin<br \/>\nsecret.<br \/>\nEn d\u00e9rogation \u00e0 l\u2019alin\u00e9a pr\u00e9c\u00e9dent, une majorit\u00e9 des deux tiers des voix des membres pr\u00e9sents est<br \/>\nrequise pour les d\u00e9cisions concernant :<\/p>\n<ol>\n<li>La r\u00e9vision des statuts<\/li>\n<li>La r\u00e9vocation de membres du comit\u00e9 ou de v\u00e9rificateurs de comptes<\/li>\n<li>La dissolution de l&rsquo;association.<\/li>\n<\/ol>\n<p><strong>Article 13. S\u00e9ances<\/strong><br \/>\nL&rsquo;assembl\u00e9e g\u00e9n\u00e9rale est pr\u00e9sid\u00e9e par le pr\u00e9sident ou un membre du comit\u00e9. Ses d\u00e9cisions sont<br \/>\nconsign\u00e9es dans un proc\u00e8s-verbal.<br \/>\nL&rsquo;assembl\u00e9e g\u00e9n\u00e9rale a la facult\u00e9 de discuter et prendre des d\u00e9cisions sur des questions dont il n\u2019a<br \/>\npas \u00e9t\u00e9 fait mention dans l\u2019ordre du jour pour autant que la moiti\u00e9 des membres pr\u00e9sents y<br \/>\nconsente.<\/p>\n<h3>B. Le comit\u00e9<\/h3>\n<p><strong>Article 14. Composition, conditions d\u2019\u00e9ligibilit\u00e9 et organisation<\/strong><br \/>\nLe comit\u00e9 est compos\u00e9 20 membres au plus repr\u00e9sentant au mieux les diff\u00e9rents champs<br \/>\nd&rsquo;application et les int\u00e9r\u00eats de la m\u00e9diation.<br \/>\nSeuls les membres de l&rsquo;association peuvent \u00eatre \u00e9lus au comit\u00e9. Ils doivent disposer d&rsquo;une<br \/>\nmessagerie \u00e9lectronique.<br \/>\nLes membres du comit\u00e9 sont \u00e9lus pour une p\u00e9riode de deux ans, reconductible.<br \/>\nLe comit\u00e9 se constitue lui-m\u00eame. Il d\u00e9signe sa pr\u00e9sidence et le bureau.<\/p>\n<p><strong>Article 15. Comp\u00e9tences<\/strong><br \/>\nLe comit\u00e9 veille \u00e0 la r\u00e9alisation du but social, en conformit\u00e9 avec les statuts. Il se r\u00e9unit<br \/>\np\u00e9riodiquement, convoque et informe l&rsquo;assembl\u00e9e g\u00e9n\u00e9rale.<br \/>\nIl nomme le bureau et fixe les orientations et la strat\u00e9gie \u00e0 suivre par ce dernier.<br \/>\nIl peut aussi constituer des groupes de travail pour l\u2019\u00e9tude de questions ponctuelles. Leurs membres<br \/>\npeuvent \u00eatre recrut\u00e9s en dehors de l\u2019association.<\/p>\n<p><strong>Article 16. D\u00e9cisions<\/strong><br \/>\nLe comit\u00e9 prend ses d\u00e9cisions \u00e0 la majorit\u00e9 simple des membres pr\u00e9sents, et pour autant que ces<br \/>\nderniers atteignent la moiti\u00e9 des membres du comit\u00e9.<\/p>\n<p><strong>Article 17. Bureau<\/strong><br \/>\nLe bureau est nomm\u00e9 par le comit\u00e9. Il se compose en principe des membres formant la pr\u00e9sidence,<br \/>\net le secr\u00e9tariat, du caissier et si possible d\u2019un ou deux membres suppl\u00e9mentaires du comit\u00e9.<br \/>\nLe bureau assure la liquidation des affaires courantes, de m\u00eame que les t\u00e2ches qui lui sont confi\u00e9es<br \/>\npar le comit\u00e9.<br \/>\nIl pr\u00e9pare les s\u00e9ances du comit\u00e9. Il informe r\u00e9guli\u00e8rement ce dernier de ses d\u00e9cisions.<br \/>\nIl repr\u00e9sente l&rsquo;association \u00e0 l&rsquo;ext\u00e9rieur et l&rsquo;engage par la signature du pr\u00e9sident ou du vicepr\u00e9sident,<br \/>\nainsi que d\u2019un membre du comit\u00e9.<br \/>\nIl se r\u00e9unit aussi souvent que n\u00e9cessaire et prend ses d\u00e9cisions \u00e0 la majorit\u00e9 des voix exprim\u00e9es. Le<br \/>\nquorum est fix\u00e9 au deux tiers moiti\u00e9 des membres du bureau.<\/p>\n<h3>C. Les v\u00e9rificateurs de comptes<\/h3>\n<p><strong>Article 18. V\u00e9rification des comptes<\/strong><br \/>\nLes comptes de chaque exercice sont soumis \u00e0 deux v\u00e9rificateurs des comptes.<br \/>\nLes v\u00e9rificateurs des comptes peuvent exiger toute pi\u00e8ce justificative ; ils pr\u00e9sentent un rapport<br \/>\n\u00e9crit \u00e0 l&rsquo;assembl\u00e9e g\u00e9n\u00e9rale ordinaire.<\/p>\n<h3>Titre troisi\u00e8me : RESSOURCES DE L&rsquo;ASSOCIATION<\/h3>\n<p><strong>Article 19. Nature<\/strong><br \/>\nLes ressources r\u00e9guli\u00e8res de l&rsquo;association sont principalement constitu\u00e9es par les cotisations des<br \/>\nmembres.<br \/>\nPour assurer le financement des activit\u00e9s, le comit\u00e9 pourra en outre percevoir des entr\u00e9es aux<br \/>\nmanifestations, solliciter des subventions ou pr\u00e9voir toutes autres recettes pour autant que la lettre<br \/>\net l\u2019esprit des pr\u00e9sents statuts soient respect\u00e9s.<\/p>\n<p><strong>Article 20. Engagement social<\/strong><br \/>\nLes engagements de l&rsquo;association ne sont garantis que par son actif, \u00e0 l&rsquo;exclusion de toute<br \/>\nresponsabilit\u00e9 personnelle des membres. L&rsquo;actif social ne saurait \u00eatre l&rsquo;objet de pr\u00e9tentions de la<br \/>\npart des membres.<\/p>\n<h3>Titre quatri\u00e8me : LITIGES<\/h3>\n<p><strong>Article 21. M\u00e9diation<\/strong><br \/>\nPour tout litige relatif \u00e0 l\u2019interpr\u00e9tation ou \u00e0 l\u2019application des pr\u00e9sents statuts de m\u00eame que pour<br \/>\ntout litige survenant avec ou au sein de l\u2019association, un processus de m\u00e9diation sera propos\u00e9<br \/>\npr\u00e9alablement \u00e0 toute autre d\u00e9marche.<\/p>\n<p><em>Statuts modifi\u00e9s par l\u2019assembl\u00e9e g\u00e9n\u00e9rale du 22 octobre 2002<\/em><\/p>\n<\/div><div class=\"fusion-clearfix\"><\/div><\/div><\/div><\/div><\/div>\n","protected":false},"excerpt":{"rendered":"","protected":false},"author":1,"featured_media":0,"parent":10,"menu_order":0,"comment_status":"closed","ping_status":"closed","template":"","meta":{"footnotes":""},"class_list":["post-1241","page","type-page","status-publish","hentry"],"_links":{"self":[{"href":"https:\/\/www.ultranima.ch\/mediane\/wp-json\/wp\/v2\/pages\/1241","targetHints":{"allow":["GET"]}}],"collection":[{"href":"https:\/\/www.ultranima.ch\/mediane\/wp-json\/wp\/v2\/pages"}],"about":[{"href":"https:\/\/www.ultranima.ch\/mediane\/wp-json\/wp\/v2\/types\/page"}],"author":[{"embeddable":true,"href":"https:\/\/www.ultranima.ch\/mediane\/wp-json\/wp\/v2\/users\/1"}],"replies":[{"embeddable":true,"href":"https:\/\/www.ultranima.ch\/mediane\/wp-json\/wp\/v2\/comments?post=1241"}],"version-history":[{"count":4,"href":"https:\/\/www.ultranima.ch\/mediane\/wp-json\/wp\/v2\/pages\/1241\/revisions"}],"predecessor-version":[{"id":1409,"href":"https:\/\/www.ultranima.ch\/mediane\/wp-json\/wp\/v2\/pages\/1241\/revisions\/1409"}],"up":[{"embeddable":true,"href":"https:\/\/www.ultranima.ch\/mediane\/wp-json\/wp\/v2\/pages\/10"}],"wp:attachment":[{"href":"https:\/\/www.ultranima.ch\/mediane\/wp-json\/wp\/v2\/media?parent=1241"}],"curies":[{"name":"wp","href":"https:\/\/api.w.org\/{rel}","templated":true}]}}