{"id":1202,"date":"2017-05-23T13:18:42","date_gmt":"2017-05-23T11:18:42","guid":{"rendered":"https:\/\/www.ultranima.ch\/mediane\/?page_id=1202"},"modified":"2018-06-28T21:57:52","modified_gmt":"2018-06-28T19:57:52","slug":"presentation-de-mediane","status":"publish","type":"page","link":"https:\/\/www.ultranima.ch\/mediane\/association\/presentation-de-mediane\/","title":{"rendered":"Pr\u00e9sentation de m\u00e9diaNE"},"content":{"rendered":"<div class=\"fusion-fullwidth fullwidth-box fusion-builder-row-1 nonhundred-percent-fullwidth non-hundred-percent-height-scrolling\" style=\"--awb-background-position:left top;--awb-border-radius-top-left:0px;--awb-border-radius-top-right:0px;--awb-border-radius-bottom-right:0px;--awb-border-radius-bottom-left:0px;--awb-padding-top:0px;--awb-padding-bottom:0px;--awb-margin-top:0px;--awb-margin-bottom:0px;--awb-border-sizes-top:0px;--awb-border-sizes-bottom:0px;--awb-flex-wrap:wrap;\" ><div class=\"fusion-builder-row fusion-row\"><div class=\"fusion-layout-column fusion_builder_column fusion-builder-column-0 fusion_builder_column_1_1 1_1 fusion-one-full fusion-column-first fusion-column-last fusion-column-no-min-height\" style=\"--awb-bg-size:cover;--awb-margin-bottom:0px;\"><div class=\"fusion-column-wrapper fusion-flex-column-wrapper-legacy\"><div class=\"fusion-image-element in-legacy-container\" style=\"--awb-caption-title-font-family:var(--h2_typography-font-family);--awb-caption-title-font-weight:var(--h2_typography-font-weight);--awb-caption-title-font-style:var(--h2_typography-font-style);--awb-caption-title-size:var(--h2_typography-font-size);--awb-caption-title-transform:var(--h2_typography-text-transform);--awb-caption-title-line-height:var(--h2_typography-line-height);--awb-caption-title-letter-spacing:var(--h2_typography-letter-spacing);\"><span class=\" fusion-imageframe imageframe-none imageframe-1 hover-type-none\"><img decoding=\"async\" width=\"1920\" height=\"500\" title=\"header01-1\" src=\"http:\/\/www.ultranima.ch\/mediane\/files\/2018\/06\/header01-1.jpg\" alt class=\"img-responsive wp-image-1306\" srcset=\"https:\/\/www.ultranima.ch\/mediane\/files\/2018\/06\/header01-1-200x52.jpg 200w, https:\/\/www.ultranima.ch\/mediane\/files\/2018\/06\/header01-1-400x104.jpg 400w, https:\/\/www.ultranima.ch\/mediane\/files\/2018\/06\/header01-1-600x156.jpg 600w, https:\/\/www.ultranima.ch\/mediane\/files\/2018\/06\/header01-1-800x208.jpg 800w, https:\/\/www.ultranima.ch\/mediane\/files\/2018\/06\/header01-1-1200x313.jpg 1200w, https:\/\/www.ultranima.ch\/mediane\/files\/2018\/06\/header01-1.jpg 1920w\" sizes=\"(max-width: 850px) 100vw, 1200px\" \/><\/span><\/div><div class=\"fusion-sep-clear\"><\/div><div class=\"fusion-separator fusion-full-width-sep\" style=\"margin-left: auto;margin-right: auto;margin-top:0px;margin-bottom:0px;width:100%;\"><div class=\"fusion-separator-border sep-single sep-solid\" style=\"--awb-height:20px;--awb-amount:20px;--awb-sep-color:#0080b7;border-color:#0080b7;border-top-width:5px;\"><\/div><\/div><div class=\"fusion-sep-clear\"><\/div><div class=\"fusion-clearfix\"><\/div><\/div><\/div><div class=\"fusion-layout-column fusion_builder_column fusion-builder-column-1 fusion_builder_column_1_1 1_1 fusion-one-full fusion-column-first fusion-column-last fusion-column-no-min-height\" style=\"--awb-bg-size:cover;--awb-margin-bottom:0px;\"><div class=\"fusion-column-wrapper fusion-flex-column-wrapper-legacy\"><div class=\"fusion-sep-clear\"><\/div><div class=\"fusion-separator fusion-full-width-sep\" style=\"margin-left: auto;margin-right: auto;margin-bottom:20px;width:100%;\"><\/div><div class=\"fusion-sep-clear\"><\/div><div class=\"fusion-clearfix\"><\/div><\/div><\/div><div class=\"fusion-layout-column fusion_builder_column fusion-builder-column-2 fusion_builder_column_1_2 1_2 fusion-one-half fusion-column-first green-border rounded-border\" style=\"--awb-padding-top:60px;--awb-padding-right:60px;--awb-padding-bottom:50px;--awb-padding-left:60px;--awb-bg-color:#ffffff;--awb-bg-color-hover:#ffffff;--awb-bg-size:cover;--awb-border-color:#e2e2e2;--awb-border-top:1px;--awb-border-right:1px;--awb-border-bottom:1px;--awb-border-left:1px;--awb-border-style:solid;width:48%; margin-right: 4%;\"><div class=\"fusion-column-wrapper fusion-flex-column-wrapper-legacy\"><div class=\"fusion-text fusion-text-1\"><h2>m\u00e9diaNE, une association de promotion de la m\u00e9diation<\/h2>\n<p>L\u2019association m\u00e9diaNE, cr\u00e9\u00e9e \u00e0 Neuch\u00e2tel en 1998, offre deux types de prestations :<br \/>\nSes m\u00e9diateurs et m\u00e9diatrices dipl\u00f4m\u00e9s sont form\u00e9s pour intervenir dans des conflits ou les pr\u00e9venir, \u00e0 la demande des personnes concern\u00e9es.<br \/>\nm\u00e9diaNE dispense aussi des formations et de l&rsquo;information en mati\u00e8re de m\u00e9diation :<br \/>\ndes conf\u00e9rences publiques et des colloques faisant appel \u00e0 des personnalit\u00e9s renomm\u00e9es<br \/>\nles \u00ab\u00a0Petits d\u00e9jeuners de la m\u00e9diation et de l&rsquo;arbitrage\u00a0\u00bb, en collaboration avec la CNCI (Chambre neuch\u00e2teloise du commerce et de l\u2019industrie).<\/p>\n<\/div><div class=\"fusion-clearfix\"><\/div><\/div><\/div><div class=\"fusion-layout-column fusion_builder_column fusion-builder-column-3 fusion_builder_column_1_2 1_2 fusion-one-half fusion-column-last green-border rounded-border\" style=\"--awb-padding-top:60px;--awb-padding-right:60px;--awb-padding-bottom:50px;--awb-padding-left:60px;--awb-bg-color:#ffffff;--awb-bg-color-hover:#ffffff;--awb-bg-size:cover;--awb-border-color:#e2e2e2;--awb-border-top:1px;--awb-border-right:1px;--awb-border-bottom:1px;--awb-border-left:1px;--awb-border-style:solid;width:48%;\"><div class=\"fusion-column-wrapper fusion-flex-column-wrapper-legacy\"><div class=\"fusion-text fusion-text-2\"><h2>m\u00e9diaNE, la maison neuch\u00e2teloise de la m\u00e9diation et ses m\u00e9diateurs<\/h2>\n<p>Tout int\u00e9ress\u00e9 peut s\u2019adresser \u00e0 un m\u00e9diateur de l\u2019association pour d\u00e9finir avec lui les modalit\u00e9s et les co\u00fbts d&rsquo;une m\u00e9diation. Les entretiens et les s\u00e9ances se d\u00e9roulent dans un lieu neutre et agr\u00e9able, la Maison neuch\u00e2teloise de la m\u00e9diation.<\/p>\n<\/div><div class=\"fusion-clearfix\"><\/div><\/div><\/div><\/div><\/div>\n","protected":false},"excerpt":{"rendered":"","protected":false},"author":1,"featured_media":0,"parent":10,"menu_order":0,"comment_status":"closed","ping_status":"closed","template":"","meta":{"footnotes":""},"class_list":["post-1202","page","type-page","status-publish","hentry"],"_links":{"self":[{"href":"https:\/\/www.ultranima.ch\/mediane\/wp-json\/wp\/v2\/pages\/1202","targetHints":{"allow":["GET"]}}],"collection":[{"href":"https:\/\/www.ultranima.ch\/mediane\/wp-json\/wp\/v2\/pages"}],"about":[{"href":"https:\/\/www.ultranima.ch\/mediane\/wp-json\/wp\/v2\/types\/page"}],"author":[{"embeddable":true,"href":"https:\/\/www.ultranima.ch\/mediane\/wp-json\/wp\/v2\/users\/1"}],"replies":[{"embeddable":true,"href":"https:\/\/www.ultranima.ch\/mediane\/wp-json\/wp\/v2\/comments?post=1202"}],"version-history":[{"count":11,"href":"https:\/\/www.ultranima.ch\/mediane\/wp-json\/wp\/v2\/pages\/1202\/revisions"}],"predecessor-version":[{"id":1307,"href":"https:\/\/www.ultranima.ch\/mediane\/wp-json\/wp\/v2\/pages\/1202\/revisions\/1307"}],"up":[{"embeddable":true,"href":"https:\/\/www.ultranima.ch\/mediane\/wp-json\/wp\/v2\/pages\/10"}],"wp:attachment":[{"href":"https:\/\/www.ultranima.ch\/mediane\/wp-json\/wp\/v2\/media?parent=1202"}],"curies":[{"name":"wp","href":"https:\/\/api.w.org\/{rel}","templated":true}]}}