{"id":2120,"date":"2023-03-10T12:40:56","date_gmt":"2023-03-10T11:40:56","guid":{"rendered":"https:\/\/www.ultranima.ch\/intermede\/?page_id=2120"},"modified":"2023-04-25T15:08:12","modified_gmt":"2023-04-25T13:08:12","slug":"documentation","status":"publish","type":"page","link":"https:\/\/www.ultranima.ch\/intermede\/infos-utiles-2\/documentation\/","title":{"rendered":"Documentation"},"content":{"rendered":"<div class=\"fusion-fullwidth fullwidth-box fusion-builder-row-1 fusion-flex-container has-pattern-background has-mask-background nonhundred-percent-fullwidth non-hundred-percent-height-scrolling\" style=\"--awb-border-radius-top-left:0px;--awb-border-radius-top-right:0px;--awb-border-radius-bottom-right:0px;--awb-border-radius-bottom-left:0px;--awb-flex-wrap:wrap;\" ><div class=\"fusion-builder-row fusion-row fusion-flex-align-items-flex-start fusion-flex-content-wrap\" style=\"max-width:1227.2px;margin-left: calc(-4% \/ 2 );margin-right: calc(-4% \/ 2 );\"><div class=\"fusion-layout-column fusion_builder_column fusion-builder-column-0 fusion_builder_column_1_1 1_1 fusion-flex-column\" style=\"--awb-bg-size:cover;--awb-width-large:100%;--awb-margin-top-large:15px;--awb-spacing-right-large:1.92%;--awb-margin-bottom-large:15px;--awb-spacing-left-large:1.92%;--awb-width-medium:100%;--awb-order-medium:0;--awb-spacing-right-medium:1.92%;--awb-spacing-left-medium:1.92%;--awb-width-small:100%;--awb-order-small:0;--awb-spacing-right-small:1.92%;--awb-spacing-left-small:1.92%;\"><div class=\"fusion-column-wrapper fusion-column-has-shadow fusion-flex-justify-content-flex-start fusion-content-layout-column\"><div class=\"fusion-text fusion-text-1\"><p>Voici 2 publications dans le cadre du CERT, centre d\u2019\u00e9tudes des relations de travail de l\u2019Universit\u00e9 de Neuch\u00e2tel,<\/p>\n<ul style=\"font-weight: 400\">\n<li><a href=\"http:\/\/www.ultranima.ch\/intermede\/files\/2023\/04\/cert-2020-tire-a-part-wenger.pdf\"><strong>Gestion des conflits : d\u00e9fis, r\u00e9flexions, outils, pdf<\/strong><\/a><\/li>\n<li><a href=\"http:\/\/www.ultranima.ch\/intermede\/files\/2023\/04\/cert-2020-contribution-lw.pdf\"><strong>R\u00e8glements internes de pr\u00e9vention et gestion des conflits et proc\u00e9dures d\u2019enqu\u00eate, pdf<\/strong><\/a><\/li>\n<\/ul>\n<\/div><\/div><\/div><\/div><\/div>\n","protected":false},"excerpt":{"rendered":"","protected":false},"author":1,"featured_media":0,"parent":2117,"menu_order":0,"comment_status":"closed","ping_status":"closed","template":"","meta":{"footnotes":""},"class_list":["post-2120","page","type-page","status-publish","hentry"],"_links":{"self":[{"href":"https:\/\/www.ultranima.ch\/intermede\/wp-json\/wp\/v2\/pages\/2120","targetHints":{"allow":["GET"]}}],"collection":[{"href":"https:\/\/www.ultranima.ch\/intermede\/wp-json\/wp\/v2\/pages"}],"about":[{"href":"https:\/\/www.ultranima.ch\/intermede\/wp-json\/wp\/v2\/types\/page"}],"author":[{"embeddable":true,"href":"https:\/\/www.ultranima.ch\/intermede\/wp-json\/wp\/v2\/users\/1"}],"replies":[{"embeddable":true,"href":"https:\/\/www.ultranima.ch\/intermede\/wp-json\/wp\/v2\/comments?post=2120"}],"version-history":[{"count":5,"href":"https:\/\/www.ultranima.ch\/intermede\/wp-json\/wp\/v2\/pages\/2120\/revisions"}],"predecessor-version":[{"id":2882,"href":"https:\/\/www.ultranima.ch\/intermede\/wp-json\/wp\/v2\/pages\/2120\/revisions\/2882"}],"up":[{"embeddable":true,"href":"https:\/\/www.ultranima.ch\/intermede\/wp-json\/wp\/v2\/pages\/2117"}],"wp:attachment":[{"href":"https:\/\/www.ultranima.ch\/intermede\/wp-json\/wp\/v2\/media?parent=2120"}],"curies":[{"name":"wp","href":"https:\/\/api.w.org\/{rel}","templated":true}]}}